ber?
True
Suppose -2624932 = -223*u + 21629321 + 37483520. Is u a prime number?
False
Suppose -4*h + 0*h = -55280. Suppose 4*u + h = 4*i, 26*u - 6896 = -2*i + 21*u. Is i a composite number?
True
Let n(a) = -118*a**3 - 10*a**2 + 88*a + 9. Is n(-14) a prime number?
True
Let z(b) = 9 + 54 + 52 - 11 - 32*b + 25. Is z(-25) a composite number?
False
Let m(u) = -60*u - 3. Let c be m(24). Let g = c - -3430. Is g a composite number?
False
Suppose 0 = -2*c + 218 - 220. Is (-3)/(((-12)/(-5636))/c) a composite number?
False
Suppose -5*x + 34 = -16. Suppose -12*w + x*w + 4 = 0. Suppose 0 = 2*r - 0 - 4, w*r + 426 = 2*q. Is q prime?
False
Suppose -175895 = 15040*v - 15045*v. Is v a prime number?
False
Let u be ((-11)/(99/18))/((-1)/(-2)). Is (2/u)/(3*5/(-194070)) a composite number?
False
Let q(d) = 146*d**2 + d + 1. Let f be (5 - 4)*(-4 - -2) + 5. Is q(f) prime?
False
Suppose 0 = -2*n + 2*t + 5268, -3*n + 5638 = -2*t - 2266. Let k = 7 + -4. Suppose k*x = 7*x - n. Is x composite?
False
Let y(b) = 444*b + 2273. Is y(7) composite?
False
Let u(v) = 11852*v - 1885. Is u(19) a composite number?
False
Suppose -4*j - 24895 + 158853 = -110694. Is j a prime number?
False
Let w = 653444 + -299943. Is w a composite number?
False
Suppose -12452 = -5*f - o, -5*f + o - 5*o = -12443. Suppose -2*y = 5*r - 4149, -r + 2*y = -4*r + f. Is r a composite number?
False
Let h = 47 + -43. Let k(r) = 44*r - 13. Let c be k(h). Suppose 1913 = 3*x - 2*t, 2*x - t - 1111 = c. Is x composite?
True
Let b(l) = -2*l - 10. Let u be b(25). Let d be ((-3)/6)/(-3*(-2)/u). Suppose -d*s = -7*s + 446. Is s composite?
False
Let l(u) = u**2 - 14*u + 43. Let v be l(10). Suppose -4*q = -5*p - 9298, v*q - q - 1862 = p. Let n = p + 3281. Is n a composite number?
False
Suppose 13 + 0 = -m + 4*v, -4*m + v - 22 = 0. Let g(w) = 21 - 6 + 12*w + 239*w**2 - 15*w. Is g(m) prime?
False
Let l be (-92)/(-6) + 16/(-12). Let u(m) = 2*m - 25. Let r be u(l). Is (1/r)/(4/56868) a composite number?
True
Let w = 185 + -184. Let o(p) = 67*p**2 + 5*p - 3. Is o(w) a prime number?
False
Let b = 203292 - 131275. Is b composite?
True
Suppose -37 - 7 = 11*o. Is (-5722)/(-2 + 3 - (-1 - o)) composite?
False
Suppose 5*r - 6*q = 446447, -4*q + 357140 = 58*r - 54*r. Is r composite?
True
Let f = 432 + -407. Suppose 0 = f*i - 164680 - 282345. Is i composite?
False
Suppose 3*l = -3*v + 63, 4*v + 32 = 4*l - 28. Let j = -63 - -444. Is (j/l)/((-6)/(-36)) a composite number?
False
Let r(x) = 2263*x**2 + 25*x + 52. Let y be r(-2). Let q = 15475 - y. Is q a prime number?
True
Let l = 49991 + -26472. Is l a composite number?
True
Let a(x) = -x**3 + 16*x**2 + x - 14. Let p be a(16). Suppose 3*j + 2*m - 4629 = 57452, 2*j + p*m = 41384. Is j a prime number?
False
Let b be 0/(0 - (-6)/(-3)) - -3493. Suppose 0*w + 12576 = -6*w. Let u = w + b. Is u prime?
False
Is (-156867)/(-18)*99/22*80/30 a prime number?
False
Let s(y) be the second derivative of y**5/20 + 17*y**4/12 + 10*y**3/3 - y**2/2 - y. Let j be (1 + -2)/((-22)/(-330)). Is s(j) a prime number?
True
Suppose 3*b - 3*j + 4 = 37, -2*b - 5*j = -1. Suppose -9890 - 1958 = -b*t. Is t a prime number?
True
Let z(c) be the third derivative of -29*c**4/6 + 11*c**3/2 + 29*c**2. Is z(-19) composite?
False
Suppose 0 = 12*v + 198 - 18. Is (-25)/v - (-340)/3 composite?
True
Let h = 4483 + -6636. Suppose -5*s + 18746 = 3*y - 4*y, -2*s - 2*y = -7508. Let k = s + h. Is k composite?
False
Let j = 148 + -142. Is ((-4)/j)/(10/(-88590)) a prime number?
False
Suppose 70*o - 5*v = 71*o + 5, -3*v = 4*o - 14. Suppose -o*q + 2*b + 0*b = -45721, q = -5*b + 9128. Is q a composite number?
True
Suppose -3*f + 13*f = -100. Let w be (f/(-3))/(6/9). Suppose -4*t - 2*l + 637 = -w*l, 3*t - 5*l - 464 = 0. Is t composite?
False
Let b = 4304 - 3. Let q = b + -508. Is q a prime number?
True
Let w be (48/40)/((-6)/(-15)). Suppose -5*z - 10 = -w*a, 4*z = -0*z - 8. Suppose -3*u = -2*u + v - 129, a = 3*v - 6. Is u a prime number?
True
Let w = 3509094 + -1509851. Is w a prime number?
True
Let g(m) = -m**3 - 6*m**2 + 10*m + 23. Let o be g(-7). Suppose -o*c - c = 4*u + 20, 5*u + 25 = 4*c. Let j(y) = -y**3 + 3*y**2 + 497. Is j(c) prime?
False
Let t(u) = -u**3 - 14*u**2 - 53*u - 83. Is t(-33) a composite number?
True
Suppose -14*p + 127 = -97. Is (88650/p)/3 - 16/(-128) composite?
False
Suppose 3*l = 9, -5*q + 2*l = -q - 18086. Let d = 2050 - 2046. Suppose 0 = 2*v - 2*i - i - 1823, -d*i = 5*v - q. Is v prime?
True
Let p(g) = 0 + 128*g - 6*g**3 + 24 - 7 + 5*g**3 + 2*g**3 - 16*g**2. Is p(20) a composite number?
False
Let h be (-646)/(-3) + 4/6. Let p = -3405 + 3547. Let b = h - p. Is b a prime number?
False
Suppose -3*x + 3*a + 227553 = 0, 62614 - 366034 = -4*x - 4*a. Is x a composite number?
False
Let z be (9 - (-9)/3) + 4. Let d be 3/(-24) - (-9746)/z. Let a = -272 + d. Is a prime?
True
Let s(f) = -4*f + 337. Let d = -42 + 45. Suppose -2*u = -0*u - d*u. Is s(u) composite?
False
Suppose 0 = 22*w - 17324911 - 4740495. Is w composite?
False
Suppose -184 = -3*c + 4*y, 3*c - 5*y = 2*c + 54. Suppose c*s = 54*s + 910. Is s a prime number?
False
Let x = 337572 + -183233. Is x composite?
False
Let s(o) = 37*o - 19. Let m be s(8). Suppose -3*w + m + 2035 = 2*p, 0 = 5*w - 10. Suppose d = p - 459. Is d composite?
True
Suppose -113*k = -132*k + 2805863. Is k composite?
True
Let y = -122692 - -223930. Suppose -16289 = 17*n - y. Is n composite?
True
Let r be 399/77 - (-8)/(-44). Suppose 2*j - 4*w - 76878 = 0, 11*j - 14*j - r*w = -115361. Is j a prime number?
True
Suppose -745*l = -748*l + 3. Is (-7)/(-14) + l/((-4)/(-16706)) prime?
True
Suppose 33*d - 30*d = -6735. Let j = -854 - d. Is j composite?
True
Is 57045 - 6/9*18/(-3) composite?
True
Is 598664/20 + 22/(-110) composite?
True
Let o(q) be the third derivative of 0*q + 30*q**2 + 0 - 397/6*q**4 - 5/2*q**3. Is o(-2) a prime number?
False
Suppose 5*a + 3*f + 101 = 383, 0 = -5*a - 4*f + 281. Suppose a*t + 15223 = 70*t. Is t composite?
False
Let v(q) = 104*q - 4. Let a(t) = 619*t - 27. Let r(k) = 413*k - 18. Let d(i) = -5*a(i) + 8*r(i). Let n(l) = 3*d(l) - 5*v(l). Is n(12) prime?
True
Suppose 3*s - 324211 = -2*q + 31501, 4*q = -3*s + 711418. Is q a composite number?
True
Let n = -69 - -73. Suppose 98 = 5*h - n*p, 5*h - 2*p - 116 = -4*p. Is h composite?
True
Let z(p) = -p**2 + 11*p - 6. Let r be z(5). Let j be 6/(-48) - 93/r. Is 4 - (j - 14/(-2))*-9 a composite number?
False
Suppose 73195 = 7*g - 52469. Suppose -21688 = -8*m + g. Is m composite?
True
Suppose -8 = 22*f - 26*f. Let t be 1*-1 + (9 - 4). Suppose 2*y - 46 = f*j, 53 - 137 = -4*y - t*j. Is y prime?
False
Let u(k) = -101*k**2 - 92*k + 26*k + 100*k**2 + 14. Is u(-29) prime?
True
Let g(f) = -19*f**3 - 6*f**2 - 3*f + 5. Let w(d) = d**2 - 8*d + 12. Suppose 3*c + 6 - 21 = 0. Let x be w(c). Is g(x) a composite number?
True
Let f(v) = -v + 4. Suppose 1 + 5 = -2*h. Let k be f(h). Is 2/k + (-27273)/(-21) prime?
False
Suppose 3*o - 187870 = -30*o + 23*o. Is o composite?
False
Suppose -8499650 = 104*u - 8542919 - 19679395. Is u composite?
True
Suppose r = 5*p - 3369, -r - 5*p + 512 = 3861. Let x = 5698 + r. Is x a composite number?
False
Suppose -c = -3*c + 5*w + 39, 0 = -2*c + 2*w + 30. Let j(q) be the third derivative of 149*q**4/12 - 77*q**3/6 + 4109*q**2. Is j(c) composite?
False
Let d = -15 + -21. Let j be (6/9)/(-2 + (-76)/d). Let f(i) = 81*i + 1. Is f(j) prime?
True
Let m = -291078 + 415145. Is m a composite number?
False
Suppose -19*h = -2*z - 17*h + 2, 5*h - 31 = -4*z. Is (4/14)/(z/19138) a prime number?
True
Let r be -2 - -1 - (-4 + 5). Let b be -2 + (0 - r) + 3 + -3. Suppose b = -i + 689 + 56. Is i a composite number?
True
Is (4642515/(-12) - 3)/((-21)/28) composite?
False
Suppose 13*c - 1295222 + 254793 = 0. Is c composite?
True
Let l(s) = -965*s - 1. Suppose 22*u = 18*u - 4. Let n be l(u). Let p = 2829 + n. Is p composite?
False
Let r be 1 - -21 - (-23 + 32). Let y(h) = 23*h**2 - h - 27. Is y(r) a composite number?
False
Suppose y - 8 = 4*k, y + 3*k + 10 = 2*y. Is 2333/2*32/y composite?
False
Let b = 262 - 51. Let r = b - 77. Is r a composite number?
True
Let p = 165374 - 108643. Is p a prime number?
True
Let n = -39 - -41. Suppose -4*g + 3*y = -72, 0 = -n*y + 8. Is (187 + 0)*-1*(20 - g) composite?
True
Let y = 383057 + -8574. Is y a prime nu